{"id":165,"date":"2021-02-03T19:03:09","date_gmt":"2021-02-03T18:03:09","guid":{"rendered":"https:\/\/www.cel-lecco.it\/?page_id=165"},"modified":"2025-07-04T10:46:12","modified_gmt":"2025-07-04T08:46:12","slug":"certificazione-ul-csa","status":"publish","type":"page","link":"https:\/\/www.cel-lecco.it\/index.php\/certificazione-ul-csa\/","title":{"rendered":"CERTIFICAZIONE UL\/CSA"},"content":{"rendered":"\t\t<div data-elementor-type=\"wp-page\" data-elementor-id=\"165\" class=\"elementor elementor-165\" data-elementor-settings=\"[]\">\n\t\t\t\t\t\t\t<div class=\"elementor-section-wrap\">\n\t\t\t\t\t\t\t<section class=\"elementor-section elementor-top-section elementor-element elementor-element-4b73569c elementor-section-boxed elementor-section-height-default elementor-section-height-default\" data-id=\"4b73569c\" data-element_type=\"section\">\n\t\t\t\t\t\t<div class=\"elementor-container elementor-column-gap-default\">\n\t\t\t\t\t<div class=\"elementor-column elementor-col-100 elementor-top-column elementor-element elementor-element-450300\" data-id=\"450300\" data-element_type=\"column\">\n\t\t\t<div class=\"elementor-widget-wrap elementor-element-populated\">\n\t\t\t\t\t\t\t\t<div class=\"elementor-element elementor-element-1d8368a elementor-widget elementor-widget-text-editor\" data-id=\"1d8368a\" data-element_type=\"widget\" data-widget_type=\"text-editor.default\">\n\t\t\t\t<div class=\"elementor-widget-container\">\n\t\t\t\t\t<div class=\"elementor-text-editor elementor-clearfix\"><!-- wp:paragraph -->\n<p><strong><u>SERVIZIO DI PROGETTAZIONE, \nCOSTRUZIONE E CERTIFICAZIONE UL\/CSA PER&nbsp; QUADRI ELETTRICI DESTINATI AL MERCATO NORD-AMERICANO<\/u><\/strong><\/p>\n<!-- \/wp:paragraph --><\/div>\n\t\t\t\t<\/div>\n\t\t\t\t<\/div>\n\t\t\t\t\t<\/div>\n\t\t<\/div>\n\t\t\t\t\t\t\t<\/div>\n\t\t<\/section>\n\t\t\t\t<section class=\"elementor-section elementor-top-section elementor-element elementor-element-1d48102 elementor-section-boxed elementor-section-height-default elementor-section-height-default\" data-id=\"1d48102\" data-element_type=\"section\">\n\t\t\t\t\t\t<div class=\"elementor-container elementor-column-gap-default\">\n\t\t\t\t\t<div class=\"elementor-column elementor-col-100 elementor-top-column elementor-element elementor-element-7faa1c1\" data-id=\"7faa1c1\" data-element_type=\"column\">\n\t\t\t<div class=\"elementor-widget-wrap elementor-element-populated\">\n\t\t\t\t\t\t\t\t<div class=\"elementor-element elementor-element-21ac031 elementor-widget elementor-widget-text-editor\" data-id=\"21ac031\" data-element_type=\"widget\" data-widget_type=\"text-editor.default\">\n\t\t\t\t<div class=\"elementor-widget-container\">\n\t\t\t\t\t<div class=\"elementor-text-editor elementor-clearfix\"><p>Dal 1 gennaio 2021 C.E.L. ha aderito al <strong>Panel Builder Program<\/strong> e, dopo la formazione necessaria e l\u2019esame ispettivo, \u00e8 stata autorizzata da\u00a0\u00a0\u00a0\u00a0<\/p>\n<p><img loading=\"lazy\" class=\"alignleft size-full wp-image-171\" src=\"https:\/\/www.cel-lecco.it\/wp-content\/uploads\/2021\/02\/logo-intertek.jpg\" alt=\"\" width=\"233\" height=\"81\" \/><\/p><\/div>\n\t\t\t\t<\/div>\n\t\t\t\t<\/div>\n\t\t\t\t\t<\/div>\n\t\t<\/div>\n\t\t\t\t\t\t\t<\/div>\n\t\t<\/section>\n\t\t\t\t<section class=\"elementor-section elementor-top-section elementor-element elementor-element-059bc72 elementor-section-boxed elementor-section-height-default elementor-section-height-default\" data-id=\"059bc72\" data-element_type=\"section\">\n\t\t\t\t\t\t<div class=\"elementor-container elementor-column-gap-default\">\n\t\t\t\t\t<div class=\"elementor-column elementor-col-100 elementor-top-column elementor-element elementor-element-f3bce82\" data-id=\"f3bce82\" data-element_type=\"column\">\n\t\t\t<div class=\"elementor-widget-wrap elementor-element-populated\">\n\t\t\t\t\t\t\t\t<div class=\"elementor-element elementor-element-97077ec elementor-widget elementor-widget-text-editor\" data-id=\"97077ec\" data-element_type=\"widget\" data-widget_type=\"text-editor.default\">\n\t\t\t\t<div class=\"elementor-widget-container\">\n\t\t\t\t\t<div class=\"elementor-text-editor elementor-clearfix\"><p>a certificare con apposizione dell\u2019apposita Label i quadri elettrici destinati al mercato Nord-americano<\/p><\/div>\n\t\t\t\t<\/div>\n\t\t\t\t<\/div>\n\t\t\t\t\t<\/div>\n\t\t<\/div>\n\t\t\t\t\t\t\t<\/div>\n\t\t<\/section>\n\t\t\t\t<section class=\"elementor-section elementor-top-section elementor-element elementor-element-ed16f91 elementor-section-boxed elementor-section-height-default elementor-section-height-default\" data-id=\"ed16f91\" data-element_type=\"section\">\n\t\t\t\t\t\t<div class=\"elementor-container elementor-column-gap-default\">\n\t\t\t\t\t<div class=\"elementor-column elementor-col-50 elementor-top-column elementor-element elementor-element-7fb22a0\" data-id=\"7fb22a0\" data-element_type=\"column\">\n\t\t\t<div class=\"elementor-widget-wrap elementor-element-populated\">\n\t\t\t\t\t\t\t\t<div class=\"elementor-element elementor-element-fc27ed3 elementor-widget elementor-widget-image\" data-id=\"fc27ed3\" data-element_type=\"widget\" data-widget_type=\"image.default\">\n\t\t\t\t<div class=\"elementor-widget-container\">\n\t\t\t\t\t<div class=\"elementor-image\">\n\t\t\t\t\t\t\t\t\t\t<img width=\"269\" height=\"185\" src=\"https:\/\/www.cel-lecco.it\/wp-content\/uploads\/2021\/02\/us-only.jpg\" class=\"attachment-large size-large\" alt=\"\" loading=\"lazy\" \/>\t\t\t\t\t\t\t\t\t\t\t<\/div>\n\t\t\t\t<\/div>\n\t\t\t\t<\/div>\n\t\t\t\t\t<\/div>\n\t\t<\/div>\n\t\t\t\t<div class=\"elementor-column elementor-col-50 elementor-top-column elementor-element elementor-element-1d75071\" data-id=\"1d75071\" data-element_type=\"column\">\n\t\t\t<div class=\"elementor-widget-wrap elementor-element-populated\">\n\t\t\t\t\t\t\t\t<div class=\"elementor-element elementor-element-8ad2a4f elementor-widget elementor-widget-image\" data-id=\"8ad2a4f\" data-element_type=\"widget\" data-widget_type=\"image.default\">\n\t\t\t\t<div class=\"elementor-widget-container\">\n\t\t\t\t\t<div class=\"elementor-image\">\n\t\t\t\t\t\t\t\t\t\t<img width=\"269\" height=\"185\" src=\"https:\/\/www.cel-lecco.it\/wp-content\/uploads\/2021\/02\/canada-only-2.jpg\" class=\"attachment-large size-large\" alt=\"\" loading=\"lazy\" \/>\t\t\t\t\t\t\t\t\t\t\t<\/div>\n\t\t\t\t<\/div>\n\t\t\t\t<\/div>\n\t\t\t\t\t<\/div>\n\t\t<\/div>\n\t\t\t\t\t\t\t<\/div>\n\t\t<\/section>\n\t\t\t\t<section class=\"elementor-section elementor-top-section elementor-element elementor-element-3daf265 elementor-section-boxed elementor-section-height-default elementor-section-height-default\" data-id=\"3daf265\" data-element_type=\"section\">\n\t\t\t\t\t\t<div class=\"elementor-container elementor-column-gap-default\">\n\t\t\t\t\t<div class=\"elementor-column elementor-col-100 elementor-top-column elementor-element elementor-element-efb04a0\" data-id=\"efb04a0\" data-element_type=\"column\">\n\t\t\t<div class=\"elementor-widget-wrap elementor-element-populated\">\n\t\t\t\t\t\t\t\t<div class=\"elementor-element elementor-element-f6ef9a4 elementor-widget elementor-widget-text-editor\" data-id=\"f6ef9a4\" data-element_type=\"widget\" data-widget_type=\"text-editor.default\">\n\t\t\t\t<div class=\"elementor-widget-container\">\n\t\t\t\t\t<div class=\"elementor-text-editor elementor-clearfix\"><p>Il<strong> Panel Builder Program<\/strong>, programma di certificazione per la conformit\u00e0 alle norme UL 508A (USA) e CSA C22.2 (Canada) dei quadri elettrici, d\u00e0 a CEL la possibilit\u00e0 di etichettare, con marchio ETL, i quadri elettrici costruiti in conformit\u00e0 ai requisiti normativi in maniera autonoma. \u00c8 una certificazione consigliata ai costruttori di macchine che esportando negli importanti mercati indicati e che limita rischi di contestazioni delle apparecchiature elettriche dei propri macchinari. Ricordiamo che il rispetto delle norme UL o CSA \u00e8 nei due paesi nordamericani un requisito richiesto dalle leggi federali di questi stati mentre nessun valore ha la marcatura CE. Non rispettare tali standard pu\u00f2 quindi esporre chi esporta i macchinari a pesanti conseguenze legali.<\/p>\n<p><span style=\"color: var( --e-global-color-text ); font-family: var( --e-global-typography-text-font-family ), Sans-serif; font-weight: var( --e-global-typography-text-font-weight );\">Questo certificazione \u00e8 garantita da ispezioni periodiche da parte di Intertek presso i nostri laboratori.<\/span><\/p><\/div>\n\t\t\t\t<\/div>\n\t\t\t\t<\/div>\n\t\t\t\t\t<\/div>\n\t\t<\/div>\n\t\t\t\t\t\t\t<\/div>\n\t\t<\/section>\n\t\t\t\t<section class=\"elementor-section elementor-top-section elementor-element elementor-element-a9c2696 elementor-section-boxed elementor-section-height-default elementor-section-height-default\" data-id=\"a9c2696\" data-element_type=\"section\">\n\t\t\t\t\t\t<div class=\"elementor-container elementor-column-gap-default\">\n\t\t\t\t\t<div class=\"elementor-column elementor-col-100 elementor-top-column elementor-element elementor-element-406f1e3\" data-id=\"406f1e3\" data-element_type=\"column\">\n\t\t\t<div class=\"elementor-widget-wrap elementor-element-populated\">\n\t\t\t\t\t\t\t\t<div class=\"elementor-element elementor-element-6878710 elementor-widget elementor-widget-text-editor\" data-id=\"6878710\" data-element_type=\"widget\" data-widget_type=\"text-editor.default\">\n\t\t\t\t<div class=\"elementor-widget-container\">\n\t\t\t\t\t<div class=\"elementor-text-editor elementor-clearfix\"><p>L\u2019accreditamento di C.E.L. presso intertek \u00e8 verificabile al link:<\/p>\n<p><a href=\"https:\/\/ramuk.intertekconnect.com\/WebClients\/ITS\/DLP\/products.nsf\/$$Search?OpenForm\">https:\/\/ramuk.intertekconnect.com\/WebClients\/ITS\/DLP\/products.nsf\/$$Search?OpenForm<\/a><\/p>\n<p>inserendo nell\u2019apposito campo il nome della nostra societ\u00e0 \u201d C.E.L\u201d , vengono evidenziate le 3 certificazioni disponibili<\/p><\/div>\n\t\t\t\t<\/div>\n\t\t\t\t<\/div>\n\t\t\t\t\t<\/div>\n\t\t<\/div>\n\t\t\t\t\t\t\t<\/div>\n\t\t<\/section>\n\t\t\t\t<section class=\"elementor-section elementor-top-section elementor-element elementor-element-3947a9c elementor-section-boxed elementor-section-height-default elementor-section-height-default\" data-id=\"3947a9c\" data-element_type=\"section\">\n\t\t\t\t\t\t<div class=\"elementor-container elementor-column-gap-default\">\n\t\t\t\t\t<div class=\"elementor-column elementor-col-100 elementor-top-column elementor-element elementor-element-cfafde3\" data-id=\"cfafde3\" data-element_type=\"column\">\n\t\t\t<div class=\"elementor-widget-wrap elementor-element-populated\">\n\t\t\t\t\t\t\t\t<div class=\"elementor-element elementor-element-903700c elementor-widget elementor-widget-image\" data-id=\"903700c\" data-element_type=\"widget\" data-widget_type=\"image.default\">\n\t\t\t\t<div class=\"elementor-widget-container\">\n\t\t\t\t\t<div class=\"elementor-image\">\n\t\t\t\t\t\t\t\t\t\t<img width=\"904\" height=\"279\" src=\"https:\/\/www.cel-lecco.it\/wp-content\/uploads\/2021\/02\/cel-search.jpg\" class=\"attachment-large size-large\" alt=\"\" loading=\"lazy\" srcset=\"https:\/\/www.cel-lecco.it\/wp-content\/uploads\/2021\/02\/cel-search.jpg 904w, https:\/\/www.cel-lecco.it\/wp-content\/uploads\/2021\/02\/cel-search-595x184.jpg 595w, https:\/\/www.cel-lecco.it\/wp-content\/uploads\/2021\/02\/cel-search-768x237.jpg 768w\" sizes=\"(max-width: 904px) 100vw, 904px\" \/>\t\t\t\t\t\t\t\t\t\t\t<\/div>\n\t\t\t\t<\/div>\n\t\t\t\t<\/div>\n\t\t\t\t\t<\/div>\n\t\t<\/div>\n\t\t\t\t\t\t\t<\/div>\n\t\t<\/section>\n\t\t\t\t<section class=\"elementor-section elementor-top-section elementor-element elementor-element-d3f45fc elementor-section-boxed elementor-section-height-default elementor-section-height-default\" data-id=\"d3f45fc\" data-element_type=\"section\">\n\t\t\t\t\t\t<div class=\"elementor-container elementor-column-gap-default\">\n\t\t\t\t\t<div class=\"elementor-column elementor-col-100 elementor-top-column elementor-element elementor-element-ea71be6\" data-id=\"ea71be6\" data-element_type=\"column\">\n\t\t\t<div class=\"elementor-widget-wrap elementor-element-populated\">\n\t\t\t\t\t\t\t\t<div class=\"elementor-element elementor-element-8b47e76 elementor-widget elementor-widget-text-editor\" data-id=\"8b47e76\" data-element_type=\"widget\" data-widget_type=\"text-editor.default\">\n\t\t\t\t<div class=\"elementor-widget-container\">\n\t\t\t\t\t<div class=\"elementor-text-editor elementor-clearfix\"><p>La marcatura verr\u00e0 apposta con apposita etichetta rilasciata da Intertek e riportante il nostro codice identificativo: <strong>5019193, <\/strong>si veda l\u2019immagine allegata.<\/p>\n<p>A fianco di CEL nello spazio Applicant verr\u00e0 riportato logo e nome del costruttore della macchina.<\/p><\/div>\n\t\t\t\t<\/div>\n\t\t\t\t<\/div>\n\t\t\t\t\t<\/div>\n\t\t<\/div>\n\t\t\t\t\t\t\t<\/div>\n\t\t<\/section>\n\t\t\t\t<section class=\"elementor-section elementor-top-section elementor-element elementor-element-8e404bd elementor-section-boxed elementor-section-height-default elementor-section-height-default\" data-id=\"8e404bd\" data-element_type=\"section\">\n\t\t\t\t\t\t<div class=\"elementor-container elementor-column-gap-default\">\n\t\t\t\t\t<div class=\"elementor-column elementor-col-100 elementor-top-column elementor-element elementor-element-fe51d9f\" data-id=\"fe51d9f\" data-element_type=\"column\">\n\t\t\t<div class=\"elementor-widget-wrap elementor-element-populated\">\n\t\t\t\t\t\t\t\t<div class=\"elementor-element elementor-element-c0ec036 elementor-widget elementor-widget-image\" data-id=\"c0ec036\" data-element_type=\"widget\" data-widget_type=\"image.default\">\n\t\t\t\t<div class=\"elementor-widget-container\">\n\t\t\t\t\t<div class=\"elementor-image\">\n\t\t\t\t\t\t\t\t\t\t<img width=\"437\" height=\"456\" src=\"https:\/\/www.cel-lecco.it\/wp-content\/uploads\/2021\/02\/cel-etichetta.jpg\" class=\"attachment-large size-large\" alt=\"\" loading=\"lazy\" \/>\t\t\t\t\t\t\t\t\t\t\t<\/div>\n\t\t\t\t<\/div>\n\t\t\t\t<\/div>\n\t\t\t\t\t<\/div>\n\t\t<\/div>\n\t\t\t\t\t\t\t<\/div>\n\t\t<\/section>\n\t\t\t\t\t\t<\/div>\n\t\t\t\t\t<\/div>\n\t\t","protected":false},"excerpt":{"rendered":"<p class=\"post-excerpt\">SERVIZIO DI PROGETTAZIONE, COSTRUZIONE E CERTIFICAZIONE UL\/CSA PER&nbsp; QUADRI ELETTRICI DESTINATI AL&hellip;<\/p>\n<div class=\"link-more\"><a href=\"https:\/\/www.cel-lecco.it\/index.php\/certificazione-ul-csa\/\">Continua a leggere <span class=\"screen-reader-text\"> \"CERTIFICAZIONE UL\/CSA\"<\/span>&hellip;<\/a><\/div>","protected":false},"author":1,"featured_media":167,"parent":0,"menu_order":0,"comment_status":"closed","ping_status":"closed","template":"","meta":[],"_links":{"self":[{"href":"https:\/\/www.cel-lecco.it\/index.php\/wp-json\/wp\/v2\/pages\/165"}],"collection":[{"href":"https:\/\/www.cel-lecco.it\/index.php\/wp-json\/wp\/v2\/pages"}],"about":[{"href":"https:\/\/www.cel-lecco.it\/index.php\/wp-json\/wp\/v2\/types\/page"}],"author":[{"embeddable":true,"href":"https:\/\/www.cel-lecco.it\/index.php\/wp-json\/wp\/v2\/users\/1"}],"replies":[{"embeddable":true,"href":"https:\/\/www.cel-lecco.it\/index.php\/wp-json\/wp\/v2\/comments?post=165"}],"version-history":[{"count":29,"href":"https:\/\/www.cel-lecco.it\/index.php\/wp-json\/wp\/v2\/pages\/165\/revisions"}],"predecessor-version":[{"id":204,"href":"https:\/\/www.cel-lecco.it\/index.php\/wp-json\/wp\/v2\/pages\/165\/revisions\/204"}],"wp:featuredmedia":[{"embeddable":true,"href":"https:\/\/www.cel-lecco.it\/index.php\/wp-json\/wp\/v2\/media\/167"}],"wp:attachment":[{"href":"https:\/\/www.cel-lecco.it\/index.php\/wp-json\/wp\/v2\/media?parent=165"}],"curies":[{"name":"wp","href":"https:\/\/api.w.org\/{rel}","templated":true}]}}